/7010) - 1451/(-5804). What is the greatest common factor of y and 79?
79
Let z(i) = i**2 - 150. Let r be z(13). What is the highest common factor of 1197 and r?
19
Suppose 0 = -145*j + 183*j - 260680. What is the greatest common divisor of 140 and j?
140
Suppose 0 = 2*n - t - 611, -5*n + t = -t - 1530. Suppose 7*k = -14*k + 294. Calculate the highest common divisor of k and n.
14
Let y(u) = -30*u**3 + 4*u**2 + 8*u - 1. Let l be y(4). Let o = -614 - l. Let z = o - 791. Calculate the highest common divisor of 60 and z.
60
Suppose 61*k - 391410 = -57*k + 609702. What is the greatest common divisor of 336 and k?
84
Let b be (-1)/(-3*91/84 - -3). Calculate the greatest common divisor of b and 196.
4
Suppose -263 = -28*r + 25*r + o, -5*o = -5. Suppose 18*z = 26*z - r. Calculate the greatest common factor of z and 407.
11
Let n be 22*26/143 + 48/2. Let s be (4/(-7))/(12/(-42))*1. What is the highest common divisor of s and n?
2
Let t = -137 + 166. Suppose 108 = -26*v + t*v. Let g(n) = 36*n**2 + n + 1. Let w be g(-1). Calculate the highest common divisor of v and w.
36
Let x(i) = -i**3 + i**2 + 5. Let m be x(0). Suppose -2*c + 7*c + 62 = 2*l, m*c + 114 = 4*l. Let t = -44 - -57. Calculate the highest common factor of l and t.
13
Suppose -27*s - 92*s = -5*s - 7980. Calculate the greatest common factor of s and 2570.
10
Let f be (8 + (-31)/2)*11/((-66)/20). Calculate the highest common divisor of 205 and f.
5
Let j be 7/(-14)*10 + (-1 - -6). Suppose 3*u + j*u + 10 = 2*k, 0 = -4*k + 2*u + 12. Calculate the greatest common factor of k and 14.
2
Let l = 138 - 98. Let n be 6/(36/l - 4/10). Let v be 568/36 - 4/(-18). Calculate the highest common factor of v and n.
4
Let u be (4968/10)/(1/(40/16)). What is the greatest common factor of 270 and u?
54
Let h(k) = -14*k**2 + 7*k**2 + 29*k + 2*k**2 + 109 + 4*k**2. Let a be h(32). What is the greatest common factor of a and 2?
1
Let r be (-7)/(-3) + (32/12 - 3). Let d be r/15 - (-93990)/450. What is the highest common factor of 76 and d?
19
Let r be (-92)/(-3)*((-2878)/(-72) + (-10)/45). What is the greatest common divisor of r and 212?
53
Let f(h) = 2*h**2 - 3*h - 15. Let k(a) = a**2 + 2*a + 10. Let s be k(-7). Let m = s + -36. Let l be f(m). What is the greatest common divisor of l and 20?
20
Let n = 1574 + -836. Calculate the greatest common divisor of 1804 and n.
82
Let v be -99*(-13 - 1974/(-154)). Calculate the greatest common factor of v and 56.
2
Let r be 67 + 9/(-18)*4. Calculate the greatest common divisor of r and 3055.
65
Let i be 4/((7236/1035 + -7)/(-1)). What is the greatest common factor of i and 1564?
92
Let i = 4372 - 2896. Calculate the greatest common divisor of 144 and i.
36
Let a be 6/6*208 - (-1 + 2). Let l = a - 174. What is the greatest common factor of l and 6?
3
Let a be 42 - 33 - (-1446 + -1). Calculate the greatest common factor of a and 72.
8
Let h = 4 + 16. Let d be 9/((-27)/h)*(-6)/4. Let g be 8/12 - (-292)/12. What is the greatest common factor of d and g?
5
Let l be 4/22 + 2770/11. Let v = 105898 + -105870. Calculate the highest common factor of l and v.
28
Suppose 0 = 290*d + 12716 + 5318 - 80964. Calculate the highest common divisor of d and 287.
7
Let l = -225 - -225. Suppose -4*x + 1102 = -2*u, 3*x - 5*u + 3*u - 829 = l. Calculate the highest common divisor of 182 and x.
91
Let o(x) = x**3 + 2*x**2 - 2*x. Let q be (21 - 23)/(6/(-9)). Let h be o(q). Calculate the highest common divisor of 1560 and h.
39
Suppose 0 = -5*p - 44 + 704. Let d be 33/6 + 2/4. Suppose 0 = d*y - 90 - p. Calculate the greatest common factor of y and 296.
37
Let i be (5 - 225732/260)/((-4)/10). Calculate the highest common factor of i and 2822.
166
Suppose -4*s + 1790 = g, -s - 186 = 3*g - 628. Suppose 0 = 4*c - 3*z - 604, 4*c - z = c + s. Calculate the greatest common divisor of c and 111.
37
Let z(x) = 2*x**2 - 2*x + 1. Let g be z(1). Suppose 96 = 3*o - q, g = -5*q - 14. Suppose 34*k = o*k + 42. What is the highest common divisor of k and 7?
7
Let s(i) = i**3 - 23*i**2 + 133*i - 94. Let y be s(8). Calculate the highest common factor of y and 3670.
10
Let s = 35 + -23. Let c(p) = 2*p**2 - 14*p. Let v be c(7). Suppose -5*d = -a - 480, v*a - 288 = -3*d - a. What is the highest common divisor of s and d?
12
Suppose 2*x = -6, c + 11*x - 186 = 9*x. What is the greatest common factor of 876 and c?
12
Let p(n) = n**3 - 12*n**2 - 14*n - 27. Let i be p(11). Let z = i - -308. Calculate the highest common factor of z and 66.
6
Let q be (16/184 + 19/46)/(3/5106). What is the highest common factor of q and 46?
23
Let m be (((-6)/(-15) - 1) + (-14112)/980)*-1. Suppose 2*v - 3*q = 594, -5*q = -3*q - 4. Calculate the greatest common divisor of v and m.
15
Let r be (3 - 42/10)/(2/(-5)). Suppose 208 = 4*v - r*v. Calculate the highest common divisor of v and 26.
26
Let b = 244 + -241. Suppose 4 = 2*t - 3*m + 3, -b*t + 5*m = 1. What is the greatest common divisor of t and 44?
4
Let z = 0 + 6. Suppose -131*s - 2426 = -10*s - 14042. What is the greatest common factor of z and s?
6
Suppose -10*d + 8 = -9*d. Let f(o) = 2*o**3 - 49*o**2 - 22*o - 47. Let a be f(25). What is the highest common divisor of d and a?
4
Let j = 15895 - 15727. Let y(q) = q**2 + 6. Let a be y(6). Calculate the greatest common divisor of a and j.
42
Let n be 933 + (-8 - ((2 - -5) + -7)). What is the highest common factor of 250 and n?
25
Suppose 3*q = -24, 68*k - 5*q + 184240 = 72*k. Calculate the highest common factor of 170 and k.
170
Let u(x) = 3*x**2 - 300*x + 1798. Let d be u(97). Calculate the highest common divisor of d and 575.
25
Suppose -26*b + 2503 = -7637. Let y = b - 376. Calculate the greatest common factor of y and 21.
7
Let z = -27 + 49. Let u = 510 - 510. Suppose -1150*f + 1154*f - 132 = u. What is the greatest common factor of z and f?
11
Suppose 16302 = -187*t + 253*t. What is the highest common factor of t and 351?
13
Suppose -25258 + 29654 = -59*p + 70476. What is the greatest common divisor of 350 and p?
70
Let t be 24*6/45 + 11/(-55). Suppose 4*z - t*i - 121 = 0, -3*z - i + 78 = i. Calculate the greatest common factor of 112 and z.
28
Suppose -7*a = 4*a - 33. Let v = -7 + 19. What is the highest common divisor of a and v?
3
Suppose 3265 = 4*p + 4*x + 385, -3*p + x = -2164. Let k = p - 347. Calculate the greatest common factor of 17 and k.
17
Let m = -1302 + 1304. Let b(u) = 6*u**2 + 51*u - 1. Let s be b(m). Let l = -115 + 165. What is the highest common divisor of s and l?
25
Let q(s) = 2*s**2 - 118*s - 971. Let b be q(-9). Let g be (-2)/(-2) + 1 + 0. Let p be (46/8)/(g/8). Calculate the greatest common factor of p and b.
23
Suppose b + 8*i = 4*i - 18, -9 = 3*b + 3*i. Let h be (-108)/3*b/(-3). Suppose 4*k - 34 = 14. What is the greatest common factor of h and k?
12
Let m be 1/3*(-6 - -9). Suppose -5*t - m = -3*d + 4*d, 2 = -2*d - 2*t. Let z be d - (-45)/((-4)/(-4)). What is the highest common factor of 4 and z?
4
Let f = 8 + -3. Let h be 12/(-2) - 4*(-56)/(-7). Let o be ((-55)/2)/(19/h). Calculate the greatest common factor of f and o.
5
Let r = 41 - 9. Let c be (150/(-40))/(0 + 6/r). Let v be 25*7/((-175)/c). Calculate the greatest common factor of 12 and v.
4
Let l be 20097/35 - (-1)/(-5). Let b = l + -394. What is the greatest common divisor of b and 30?
30
Suppose -3*l + c + 538 = 0, 2*l + c + 4*c = 336. Let f = l + -49. Calculate the greatest common factor of 3 and f.
3
Suppose 0 = -2*o - u + 187, 2*o - 206 + 13 = -3*u. Let n be (-8)/20 + (-17)/(-5). Let q be 2294/10 - n/(-5). What is the highest common divisor of o and q?
46
Let k be (-1 - (0 - 2)) + 3. Let s be (-12)/8*(-8)/(-6). Let t be (-3 - (2 + s))/(72/(-96)). Calculate the greatest common factor of k and t.
4
Let z = -150 - -282. Let f = z + -116. Suppose -16 = -2*i + i. Calculate the highest common divisor of f and i.
16
Suppose 375*y - 141*y = 544986. What is the highest common factor of 136 and y?
17
Suppose 28 = 2*b - 0*b. Let r be (105/b)/(2/(-4)*1). Let c be r/10*-6 + -1. What is the highest common factor of c and 12?
4
Suppose 0 = h - 3*o - o - 92, -h = 2*o - 62. Suppose -312*y - 31293 = -77768 - 43381. What is the greatest common divisor of h and y?
72
Suppose 2*b - 260 = 146. What is the highest common factor of b and 290?
29
Let v = -1126 - -6776. What is 